11131
In base 15, what is 3 - -34?
37
In base 2, what is -1110 + 111?
-111
In base 12, what is 6b1 + 19?
70a
In base 5, what is -10213 + 100?
-10113
In base 9, what is 3 + -386?
-383
In base 5, what is 0 - 21443?
-21443
In base 8, what is -23 + 22?
-1
In base 9, what is 5 - -166?
172
In base 6, what is -44 + -4?
-52
In base 10, what is 8 - -69?
77
In base 11, what is -2 - 109?
-110
In base 5, what is 3224 - 1?
3223
In base 6, what is 3 + -10350?
-10343
In base 16, what is d - 1e5?
-1d8
In base 7, what is 0 + 4313?
4313
In base 10, what is -8 + 348?
340
In base 15, what is 1 - 68?
-67
In base 8, what is -627 + 3?
-624
In base 4, what is 3310310 + -11?
3310233
In base 5, what is -1134 - -2?
-1132
In base 4, what is 11001 - 10?
10331
In base 4, what is -11 + -2022?
-2033
In base 2, what is -100000000 + 10000?
-11110000
In base 13, what is 273 - -a?
280
In base 8, what is 5512 - -1?
5513
In base 2, what is 11101 + 100110?
1000011
In base 9, what is -5 + -270?
-275
In base 15, what is 2c - -b?
38
In base 8, what is 57 - 403?
-324
In base 2, what is -101 + 100111?
100010
In base 2, what is -1000 + -1001110001?
-1001111001
In base 8, what is 4 + -7127?
-7123
In base 13, what is -3 + 3b?
38
In base 3, what is -1121 + -110?
-2001
In base 6, what is -10245 + -1?
-10250
In base 8, what is -151 - 4?
-155
In base 9, what is -7 - 1831?
-1838
In base 11, what is -4 - 75?
-79
In base 4, what is -3 - -3102?
3033
In base 12, what is 2 + 58?
5a
In base 11, what is 5 + 57?
61
In base 10, what is -1 - 73?
-74
In base 3, what is -1222 + 11?
-1211
In base 9, what is 147 + 5?
153
In base 15, what is 3 - d?
-a
In base 16, what is 7 + -22d?
-226
In base 10, what is 4 + -186?
-182
In base 6, what is -12 + -24?
-40
In base 9, what is -806 + -1?
-807
In base 6, what is 134 - 11?
123
In base 6, what is -3 - -2104?
2101
In base 4, what is 33 - -11?
110
In base 10, what is 12 - 16?
-4
In base 3, what is 21 - -1112?
1210
In base 9, what is -47 - 4?
-52
In base 7, what is 0 + 234?
234
In base 3, what is -111221 + -2021?
-121012
In base 3, what is -102212 - -2?
-102210
In base 8, what is 10 + 32?
42
In base 7, what is -6104 - -6?
-6065
In base 15, what is 126b - 2?
1269
In base 10, what is -1 - -87?
86
In base 8, what is -2 - -111?
107
In base 9, what is 4 + -1741?
-1736
In base 7, what is 5320 + 1?
5321
In base 4, what is 3113 + 11?
3130
In base 13, what is 21 - -22?
43
In base 14, what is 1 + 35?
36
In base 8, what is -631 - 1?
-632
In base 2, what is 1 + -100011101?
-100011100
In base 3, what is -12 - -2021?
2002
In base 12, what is -5 - 24?
-29
In base 2, what is 1100000101 - 11?
1100000010
In base 15, what is -1 - -23?
22
In base 2, what is -100110101110100 - 101?
-100110101111001
In base 2, what is -11000011100 + 100?
-11000011000
In base 2, what is -101100000 + 10011?
-101001101
In base 16, what is -5 + -b7?
-bc
In base 6, what is -1351 + -3?
-1354
In base 4, what is 130 + -21?
103
In base 6, what is -31122 + 1?
-31121
In base 8, what is -4 - -744?
740
In base 15, what is 0 - 957?
-957
In base 2, what is 10 - -10101010?
10101100
In base 2, what is 1011100111 + -11?
1011100100
In base 16, what is 0 + 24?
24
In base 6, what is 43313 + 2?
43315
In base 10, what is 27 - -6?
33
In base 4, what is -33 + -102?
-201
In base 11, what is -2 - 570?
-572
In base 13, what is 202 + -2?
200
In base 5, what is -4 - -10204?
10200
In base 5, what is 144204 + 3?
144212
In base 2, what is -1000000000 - 100?
-1000000100
In base 6, what is 21 - -15?
40
In base 4, what is 11201 - 1?
11200
In base 12, what is -3 + -107?
-10a
In base 12, what is -1897 - -4?
-1893
In base 7, what is -655 - 52?
-1040
In base 9, what is 580 - -4?
584
In base 7, what is 540 - 5?
532
In base 16, what is c2 + 4?
c6
In base 16, what is -3 - -4c?
49
In base 5, what is 143 - -1?
144
In base 7, what is -36 - 30?
-66
In base 12, what is 6 - 31a?
-314
In base 9, what is 14 + -20?
-5
In base 16, what is -d - 9?
-16
In base 8, what is -10 - 4657?
-4667
In base 10, what is 4 + -3419?
-3415
In base 8, what is 4 - 363?
-357
In base 5, what is 4404 - 4?
4400
In base 12, what is -19 - 20?
-39
In base 3, what is 20220111 - 12?
20220022
In base 15, what is -6 - 46?
-4c
In base 8, what is 4435 - 4?
4431
In base 14, what is -11 - -cd?
bc
In base 7, what is -2 - 365?
-400
In base 14, what is 2 - -24c2?
24c4
In base 15, what is 30 - -a7?
d7
In base 6, what is -5 + 52?
43
In base 7, what is -202 - 3?
-205
In base 2, what is 10011010001000 + -11?
10011010000101
In base 10, what is 4 + -61?
-57
In base 5, what is 14 - -231?
300
In base 8, what is -46 - -7?
-37
In base 6, what is -144 + 13?
-131
In base 10, what is 0 + 258?
258
In base 7, what is 3 - 26?
-23
In base 4, what is -32 - 11322?
-12020
In base 14, what is -2 - 1ac?
-1b0
In base 7, what is -1400 - -3?
-1364
In base 16, what is -1 - -2e?
2d
In base 13, what is -11b - -34?
-b7
In base 4, what is 11103 + 1012?
12121
In base 11, what is a0 + 3?
a3
In base 4, what is -11 + 3130?
3113
In base 10, what is 2425 - 5?
2420
In base 9, what is 5 - 216?
-211
In base 11, what is -2a1 - -6?
-296
In base 6, what is -3 - -113?
110
In base 16, what is -1 + 37?
36
In base 16, what is 3 - -39?
3c
In base 12, what is -1 + -2a?
-2b
In base 16, what is 0 + 7bd?
7bd
In base 8, what is 5 + 30?
35
In base 8, what is 132 - 1?
131
In base 9, what is 0 + -142?
-142
In base 6, what is -4122 + 2?
-4120
In base 8, what is 15 - -4?
21
In base 8, what is -17 + -3?
-22
In base 12, what is 1760 - 5?
1757
In base 2, what is -101010101111 - -1111?
-101010100000
In base 4, what is -13 - -13301?
13222
In base 8, what is -17 - -67?
50
In base 13, what is -3 - 55?
-58
In base 5, what is 4041 + 0?
4041
In base 2, what is 111000 + 100?
111100
In base 7, what is 15 - -32?
50
In base 7, what is -20 + 351?
331
In base 12, what is 3 + -485b?
-4858
In base 11, what is 25 + -25?
0
In base 3, what is -2021 - -10?
-2011
In base 16, what is 3d7 + 0?
3d7
In base 8, what is 2 + -55?
-53
In base 5, what is 22 - 20?
2
In base 2, what is 1110010 + 101?
1110111
In base 10, what is 0 + 198?
198
In base 16, what is 44 + -3?
41
In base 8, what is 5 + -377?
-372
In base 6, what is 3 + -40500?
-40453
In base 4, what is 11 - -213100?
213111
In base 3, what is 12002022 - 10?
12002012
In base 7, what is 0 + -2020?
-2020
In base 8, what is -4032 + -4?
-4036
In base 4, what is 211120 + 32?
211212
In base 2, what is 10000011 + 10101?
10011000
In base 7, what is 0 - 4232?
-4232
In base 6, what is 2 + -313?
-311
In base 11, what is -417a - -1?
-4179
In base 7, what is 5253 - 1?
5252
In base 3, what is -1010 - 11?
-1021
In base 14, what is 9 - -2?
b
In base 8, what is 46 + -32?
14
In base 15, what is 14 - 56?
-42
In base 10, what is 176 - -2?
178
In base 14, what is 3 + -49?
-46
In base 12, what is 10 + 121a?
122a
In base 15, what is -2 + -c38?
-c3a
In base 15, what is 4 - -4?
8
In base 13, what is 2 - -a5?
a7
In base 16, what is -19 + 9e?
85
In base 16, what is -495 + -4?
-499
In base 2, what is 0 - -100011110100?
100011110100
In base 10, what is -4 + 391?
387
In base 15, what is 5 - -b3?
b8
In base 2, what is 0 + -11111110?
-11111110
In base 6, what is -5 + 5442?
5433
In base 15, what is -d + a?
-3
In base 12, what is -5a2 + 2?
-5a0
In base 12, what is 2 + 1b6?
1b8
In base 13, what is -1 + -344?
-345
In base 5, what is 114 + -224?
-110
In base 9, what is 2 - 44?
-42
In base 3, what is 112011 + 11?
112022
In base 8, what is 0 + -4723?
-4723
In base 15, what is -706 - 0?
-706
In base 2, what is 1101 + -1000?
101
In base 12, what is -5 - -b74?
b6b
In base 9, what is -53 + -5?
-58
In base 6, what is -4 - 1150?
-1154
In base 10, what is -2 - -3782?
3780
In base 3, what is -1 + -220?
-221
In base 10, what is -2 - -142?
140
In base 14, what is 6a8 - -3?
6ab
In base 12, what is -b7 + 3?
-b4
In base 15, what is 9 + -1?
8
In base 10, what is -4 - -15?
11
In base 6, what is 141240 - 3?
141233
In base 12, what is -60a - -7?
-603
In base 15, what is 5 - 1a90?
-1a8a
In base 9, what is 540 + 2?
542
In base 12, what is -24 + -79?
-a1
In base 4, what is -10 - -1101?
1031
In base 9, what is -768 - -2?
-766
In base 16, what is -9 + -16?
-1f
In base 15, what is 11d + 11?
12e
In base 5, what is 3143 - 10?
3133
In base 2, what is 101 + -11000101001?
-11000100100
In b